(-57)/1064) is divided by 11?
6
Suppose 0 = -2*g - 4*j - 3 - 1, 3*g - 21 = 3*j. Suppose g*k - 11 = 45. What is the remainder when 25 is divided by k?
11
What is the remainder when 43 is divided by (-3)/5 + (272/20 - 2)?
10
Let a be 195/4 + (-9)/12. Suppose y - 3*m + 14 - 47 = 0, 3*m = -2*y + a. Let b = 22 + -8. Calculate the remainder when y is divided by b.
13
Let p = 2 - -12. Let y = 4 - -21. What is the remainder when y is divided by p?
11
Suppose 0 = -2*p + 4*p. Suppose -3*n + n + 78 = p. Suppose -4*i + 82 = 2*h, -5*i - 2*h = 3*h - 105. What is the remainder when n is divided by i?
19
Let z(p) = -8*p + 13. Let t(n) = 7*n - 12. Let d(j) = 6*t(j) + 5*z(j). Calculate the remainder when 31 is divided by d(9).
9
Let l = 32 - 26. Calculate the remainder when 22 is divided by l.
4
Suppose 0 = 3*r + 2*n - n - 421, 2*r + 3*n - 276 = 0. What is the remainder when r is divided by 36?
33
Suppose n + 23 = 2*n. Let t(w) = -w**3 - 4*w**2 + 5*w + 8. Calculate the remainder when n is divided by t(-5).
7
Suppose 3*f - 6*f + 18 = l, 0 = -3*l + 4*f - 11. Let x(v) = v**3 - 3*v**2 + v + 2. Suppose -k = -19 + 2. Calculate the remainder when k is divided by x(l).
2
Suppose 2*x + 0*x = 30. Let m = x + -2. Calculate the remainder when 24 is divided by m.
11
Let y be -4*1/((-1)/16). Let k = y - 46. Let f(i) = i**3 + 7*i**2 - i - 8. What is the remainder when f(-6) is divided by k?
16
Let r = 13 + -6. Let t = 0 - -1. What is the remainder when r is divided by 1 + (-1 - (-4)/t)?
3
Let w = 130 + -87. What is the remainder when w is divided by 15?
13
Let d(v) = v**3 - 3*v**2 - 3*v - 2. Let n be d(4). Calculate the remainder when 49/3 - (-1)/(-3) is divided by (-3 + 1)*(n + -5).
4
Suppose 0 = m - t + 3, -m + 5*t - 5 = 10. Suppose m = -2*b - 2 + 28. What is the remainder when b is divided by 7?
6
Let y(g) = -g. Let a be y(-4). Calculate the remainder when (-92)/(-28) + 4/(-14) is divided by 2*2*a/8.
1
Let c = 7 - 12. Let y(d) = -2*d + 6. Calculate the remainder when 47 is divided by y(c).
15
Let q = 111 + -73. Calculate the remainder when 265 is divided by q.
37
Let r = -3 + 5. Let d be (-1)/(2/3)*r. Calculate the remainder when (-27)/4*(-1 + d) is divided by 14.
13
Suppose -2*u + 32 = -r, 2*u = -2*u + 3*r + 62. What is the remainder when 49 is divided by u?
15
Let x(m) = -m + 4. Calculate the remainder when 30 is divided by x(-4).
6
Suppose -4*d + 0*i = -i - 71, 5*d + 3*i - 76 = 0. Calculate the remainder when 84 is divided by d.
16
Let s = 4 - 2. Suppose 5*x = s*x + 39. Suppose 0 = -2*m - m + k + 22, 4*m = 2*k + 30. Calculate the remainder when x is divided by m.
6
Let c = -47 + 27. Let w = c + 35. What is the remainder when 28 is divided by w?
13
Suppose 0*f - 2*f + 6 = 0. Calculate the remainder when 4 is divided by f.
1
Let p(r) = r**3 - 9*r**2 + 14*r - 17. What is the remainder when 92 is divided by p(8)?
30
Let h(r) = -r**3 + 10*r**2 + 59*r - 21. Let c(d) = -42*d - 1. What is the remainder when c(-1) is divided by h(14)?
20
Suppose -12*b = -6*b - 18. What is the remainder when 3 is divided by b?
0
Let f(a) = -11*a - 6. Let p be f(-6). Calculate the remainder when 2*-1*p/(-8) is divided by 9.
6
Let r(w) = w**3 + 7*w**2 - 8*w + 4. Calculate the remainder when 18 is divided by r(-8).
2
Let h = 3 + -3. Suppose 0 = -h*t - t - 4*g - 9, -4*t - 3*g + 29 = 0. Let j = 74 + -53. What is the remainder when j is divided by t?
10
Calculate the remainder when -9*(-4)/84 + 600/21 is divided by 10.
9
Suppose -3*b + 0 = -6. Let q = 2 + 25. Suppose -44 = -4*r + 3*m + 5, 0 = -b*r - m + q. What is the remainder when 37 is divided by r?
11
Suppose 2*v = w - 7, -2*v - 24 = -2*w - 3*v. What is the remainder when w is divided by 6?
5
Suppose 3*c + 8 = 5*c, 169 = 3*l + c. Calculate the remainder when l is divided by 19.
17
Let f(k) = 7*k + 9. Calculate the remainder when f(15) is divided by 23.
22
Suppose 32 - 8 = 4*l. What is the remainder when 10 is divided by l?
4
Let w(o) = -o**3 - 5*o**2 - 6*o - 5. Let b be w(-4). Suppose n - 3*n + 1 = 3*i, b*n - i = 7. Let j = 2 + -1. What is the remainder when n is divided by j?
0
Let t(a) = a**2 - 2. Suppose -4*j - 72 = -5*v + 7, -2*v + 33 = -3*j. Let b = v - 7. What is the remainder when t(-4) is divided by b?
6
Suppose -34 = -d - 2*v, -3*d + 122 = -4*v - 20. Suppose -3*h - 5*n + 38 = -0*n, -5*h + 57 = 2*n. What is the remainder when d is divided by h?
9
Suppose 0 = -4*q + 65 + 35. What is the remainder when 249 is divided by q?
24
Let v(u) = -u**3 - 5*u**2 - 2*u - 4. Let b be v(-5). Calculate the remainder when b*(-2)/(-16)*8 is divided by 4.
2
What is the remainder when 5 is divided by (-8 - -16)*1/2?
1
Suppose 5*q - 175 = -5. What is the remainder when q is divided by 4/(-2) - (4 - 18)?
10
Suppose 20 + 35 = g - 3*d, -2*d = 0. What is the remainder when g is divided by 19?
17
Suppose -d - 2*d = 45. Let n = d - -21. Let v(t) = t**3 - 7*t**2 + 9*t - 5. What is the remainder when 25 is divided by v(n)?
12
Suppose 5*a - 144 = -34. What is the remainder when (-7 + 9)*16*2 is divided by a?
20
Suppose -4*w = -0*w + 4*r - 192, -5 = -5*r. Let o(m) = -m**2 - 13*m - 30. What is the remainder when w is divided by o(-7)?
11
Let s(o) = -o. What is the remainder when 5 is divided by s(-3)?
2
Suppose -y + 4*y = -15, -2*y + 680 = 2*r. What is the remainder when r/12 - 2/(-8) is divided by 6?
5
Suppose 7*s - 4*s = 3*i + 12, -5*i = 3*s - 12. Suppose -3*l - 4*p + 84 = i, -4*p = -0*l + l - 28. Let w = 9 + 6. What is the remainder when l is divided by w?
13
Calculate the remainder when (-1)/2 + (707/14)/1 is divided by 26.
24
Let c(o) = -o**3 - 4*o**2 + 8*o + 6. Let w be c(-5). Let l = 14 + w. What is the remainder when l is divided by 3?
2
Let s(d) = 2*d**3 + 15*d**2 + 4*d - 5. Calculate the remainder when s(-6) is divided by 16.
15
Let x(g) = 4*g - 40. Let d = 5 + -2. What is the remainder when x(11) is divided by d?
1
Suppose 11*u - 2*n - 258 = 7*u, -5*n = -4*u + 267. What is the remainder when u is divided by 2/7 - 110/(-7)?
15
Let h be (0/(3 + -2))/(-1). Let w be (-7)/(-2 - (-9)/5). Let a = w + h. Calculate the remainder when a is divided by 12.
11
Let a(w) = w**2 - 8*w + 17. Calculate the remainder when 11 is divided by a(6).
1
Let y(m) = 4*m + 15. What is the remainder when y(9) is divided by 13?
12
Let p be 0 + (1 - -29) - 3. Suppose p = 5*g + i, 0 = -2*i - 3*i + 10. Calculate the remainder when 7 is divided by g.
2
What is the remainder when 35 is divided by 9/(3 + 0 - 50/20)?
17
Let c = -17 - -14. Suppose 2*w - t - 42 = 2*t, 4*w - 84 = -2*t. What is the remainder when w is divided by (8 - c)/(0 - -1)?
10
Let f = 1 + 5. Calculate the remainder when f is divided by 2.
0
Suppose -3*a - 24 = -7*a. Suppose a*k - 6 = 4*k. Let s(j) = -j**3 + 6*j**2 - 4*j. What is the remainder when s(5) is divided by k?
2
Let t(b) = 21*b + 3 - 10*b + 36*b. Let k(n) = 70*n + 4. Let a(c) = 5*k(c) - 7*t(c). What is the remainder when a(1) is divided by 7?
6
Let v(t) = 3*t**2 - 6*t + 3. Let i be v(3). Suppose i = 5*s - 63. What is the remainder when 59 is divided by s?
14
Suppose -24 = -4*m + 40. Calculate the remainder when ((-8)/6)/((-2)/69) is divided by m.
14
Suppose -40 = -2*s + v, 2*v + 2*v + 50 = 3*s. What is the remainder when 85 is divided by s?
19
Suppose -2*h - 124 = -3*b, 3*b + 0*h + 4*h = 94. Let z = -121 + 134. What is the remainder when b is divided by z?
12
Let d = 2 - 0. Calculate the remainder when (((-24)/(-9))/(-4))/((-2)/87) is divided by -3 + d - -1 - -10.
9
Let f(m) = m + 2. Suppose 0 = -n + 2. Let o be f(n). Suppose 41 + 8 = 2*j + 3*i, -o*j + 128 = -4*i. Calculate the remainder when j is divided by 8.
5
Suppose -3*i = f - 9, 2*f - f = 3*i + 15. What is the remainder when -46*(36/8)/(-9) is divided by f?
11
Suppose 4*r - 12 = 0, -2*r + 7*r = 2*w - 249. Calculate the remainder when (6 + -2)*w/16 is divided by 17.
16
Suppose 0*w = -w + 71. Suppose 5*j - w = -21. Suppose -3*d - 2*d + 4*i = -12, -d - 6 = -5*i. What is the remainder when j is divided by d?
2
Suppose -v = v - 6. Suppose -45 = -5*n + 35. Let f = v + n. What is the remainder when 56 is divided by f?
18
Let k = 44 - -41. What is the remainder when k is divided by 18?
13
Suppose 3*j - 10 = 32. Let r = -96 - -163. What is the remainder when r is divided by j?
11
Let k(z) = z**3 + z**2 - z + 24. Let r b